is the units digit of u(6)?
8
Suppose 3*i - 2*r - 854 = -0*i, -r + 288 = i. What is the hundreds digit of i?
2
Let k be 30/4*(-112)/70. What is the hundreds digit of (-2408)/k + (-3)/(-9)?
2
Let j(r) = -3*r - 17. Let h be j(-7). Let u be -1 - (0 + -2 - 1). Suppose -4*c = -2*f - 2*f + 20, 5*f = -h*c - u. What is the units digit of f?
2
Let g = -139 - -706. What is the hundreds digit of g?
5
Let h be (-921)/(-6)*1 + (-5)/(-10). Let n = h - 91. What is the tens digit of n?
6
Let h be (-18)/81 + 1132/(-9). What is the units digit of h/4*(-7)/42*8?
2
Let x(z) = 0*z**2 + 0*z + 3*z**2 + 2*z + 2 - 2*z**2. Let q be x(-2). Suppose q*b - 7 = b. What is the units digit of b?
7
Let w(d) = d**3 - 2*d**2 + 1. Let f be w(1). Let h be f - 2/(8/12). What is the tens digit of (-10)/3*(h - 6)?
3
Let f be ((-4)/12)/(4/(-84)). What is the tens digit of ((-269)/3)/(f/(-21))?
6
What is the units digit of 952 - 3 - (20 + -12)?
1
Suppose 0 = -2*l + 48 + 2. Suppose 2*t - 54 = 52. Suppose 6*k - t = l. What is the tens digit of k?
1
Suppose 19*k = 14*k + 20. Suppose k*l - 93 - 71 = 0. What is the tens digit of l?
4
Let h(i) be the third derivative of 0 + 0*i + 5*i**2 + 5/3*i**3 + 3/4*i**4 - 1/60*i**5. What is the tens digit of h(16)?
4
Suppose 0 = -2*x - 5*o - 0*o - 68, -3*x = 5*o + 112. What is the units digit of (x - -4)*-3 - 5?
5
Suppose -25*k = -30*k. Suppose k*m - 1190 = -10*m. What is the units digit of m?
9
What is the units digit of (-329)/188*(-4656)/3?
6
Let a be -3*(2 + 20/(-15)). What is the units digit of (7/14 - 0)*(-364)/a?
1
Let q = -128 - -165. Suppose 4*y - 2*y = 8. Let r = q + y. What is the tens digit of r?
4
What is the thousands digit of 1084 - 11/(11/4)*1?
1
Let p(k) = 19*k + 7. Let h(r) = 1. Let q(w) = -2*h(w) - p(w). What is the tens digit of q(-8)?
4
Let x(g) = 3 - 3 + 1 + 4*g**2. Let r be x(-1). What is the units digit of ((-1)/(-4))/(r/20)?
1
Let g(v) = 44*v - 108. What is the tens digit of g(19)?
2
Let z be 3/6*0 + 6/(-3). What is the tens digit of ((-5)/20)/(z/8) - -55?
5
Let v be (-570)/(-10) + (-15)/3. Let b = 5 + v. What is the tens digit of b?
5
Suppose y = 4*p + 5339, y + 5*p + 590 - 5956 = 0. What is the hundreds digit of y?
3
Let z = 1020 - -1769. What is the hundreds digit of z?
7
Let x(j) = -j**2 - 8*j + 5. Let y be x(-8). Suppose 0 = -y*l + 60. Suppose 4*d + 0*d - l = 0. What is the units digit of d?
3
Let l = 1322 - 643. What is the hundreds digit of l?
6
Suppose -3*o + 2*p + 406 = 0, -o + 118 = -5*p - 26. What is the units digit of o?
4
Let z(i) = -234*i - 5. Suppose 1 = 4*k + 5. What is the hundreds digit of z(k)?
2
Let p = 565 + 3883. What is the units digit of p?
8
Let g(p) = 73*p - 400. What is the hundreds digit of g(13)?
5
Let j(z) = 7*z**2 + 27*z - 47. What is the thousands digit of j(12)?
1
Suppose 7 = -3*w + 2*w - 4*t, 0 = 2*w + 2*t - 4. What is the hundreds digit of ((-21)/w + -1)/((-3)/90)?
1
Let u(a) = -18*a - 9. Let j be u(-4). Suppose 5*x - r = 2*r + 89, -3*x = 3*r - j. What is the tens digit of x?
1
Suppose -16 = c + 6. What is the units digit of (214/4)/((-11)/c)?
7
Suppose 11*j = 8*j + 9. Suppose -o - 18 = -j*o. What is the units digit of o?
9
Suppose -5*v - 6210 = -23*v. What is the units digit of v?
5
Let h be (-4)/(-14) - (-171)/63. Suppose 36 + 135 = h*n. What is the units digit of n?
7
Let q = 57 - 58. What is the units digit of 308/(-44)*(11*q)/1?
7
Let u be ((-6)/(-12))/(1/(-100)). Let t be 5 + (-66)/(-3)*3. Let b = u + t. What is the tens digit of b?
2
Let t = 18 - 13. Suppose t*w = 4*r + 2*w - 333, -r + 86 = 2*w. What is the units digit of r?
4
Let k(y) = -y**2 - 17*y - 20. Let b(a) = a**3 + 4*a**2 + 2*a - 1. Let o be b(-4). What is the tens digit of k(o)?
5
Let u(m) = 50*m**2 + 8*m + 12. What is the tens digit of u(5)?
0
Let w = 3138 - -1057. What is the tens digit of w?
9
Let m = 295 + -47. What is the tens digit of m?
4
Suppose 2*n + 272 = 61*k - 59*k, 15 = 3*n. Suppose 17 = x + 108. Let f = x + k. What is the units digit of f?
0
Let g be 8*(-3 + 20/8). What is the units digit of -6*8*g/8?
4
Suppose -13*x + 2227 = 4*x. What is the hundreds digit of x?
1
Let i = 19 - 31. Let p be 7/(28/i)*-4. Suppose 3*v = -3*r + 15, -4*r + p = -r. What is the units digit of v?
1
Let h = -29 - -15. Let l = 0 - h. What is the tens digit of l?
1
Let t(s) = 2*s + 17. Let c be 4 - (-1 + -1)/2. What is the units digit of t(c)?
7
Let f(j) = -3*j - 1. Let m be f(2). Let d(n) = n**3 + 9*n**2 + 9*n - 2. What is the units digit of d(m)?
3
Let r = 28 - 35. Let d be (-200)/11 - 6/(-33). Let b = r - d. What is the units digit of b?
1
Suppose -9327 = -22*k + 36125. What is the units digit of k?
6
Let b(k) = 50*k**2 + 12*k + 18. What is the hundreds digit of b(-2)?
1
Suppose 0*r - 3*v = -4*r - 5, r - 13 = -4*v. Let o(y) = -411*y**2 + 2*y - 3. Let p be o(r). What is the tens digit of (-1)/(-4 - p/104)?
2
Let n be 2/2 - (50 + -4). Let p = -32 - n. What is the tens digit of p?
1
What is the tens digit of (-3750)/(-55) + (-6)/33?
6
Let g be ((-20)/15)/(4/(-6)). Suppose g*s + 4 = -0. What is the units digit of (5/30)/(s/(-12))?
1
Let f be ((-8)/10)/(3 - 13/5). What is the tens digit of f/((-428)/213 + 0 + 2)?
1
Suppose -3*a + 6*a = 12. Suppose 0 = -a*v - 0*v + 64. What is the units digit of -6*(-4)/v*34?
1
Suppose -z + 4 = 1. Suppose -f + 1 = -z. Suppose 0 = -f*o + 5*o - 21. What is the units digit of o?
1
Let c = 3819 + -2125. What is the hundreds digit of c?
6
Suppose 34 + 13 = -c. Let b be (-6)/(18/(-219))*(-2 - -3). Let h = c + b. What is the units digit of h?
6
Suppose 4*y = -4*g + 1324, -8*y - 5*g = -9*y + 331. What is the hundreds digit of y?
3
Let k(o) = -o**2 - 11*o - 4. Let d(p) = -3*p**2. Let a be d(1). Let f be (a - -2)/((-1)/(-7)). What is the tens digit of k(f)?
2
Suppose -20*c = -2*c. Suppose 7*s + 11*s - 3474 = c. What is the tens digit of s?
9
Let x = -27 + 50. Let i = x + -17. Let q = 12 + i. What is the tens digit of q?
1
Suppose 4*c - 5*h = 3475, 1741 = 2*c + 17*h - 16*h. What is the units digit of c?
0
Let y(l) = -l - 15. Suppose 2*i + 2*t - 24 = -66, 72 = -4*i + 2*t. What is the units digit of y(i)?
4
Let p(m) = m**2 + 9*m - 6. Let y be p(-10). Suppose 2*s = -2*j + y, -s + j + 18 = 3*s. Suppose s*c - 4 = 3*c. What is the units digit of c?
4
Let q = -71 - -165. What is the units digit of q?
4
Suppose x + 219 = s - 128, 3*s - 1031 = -2*x. Suppose 5*k - 3*y - 575 = 0, 3*k - 6*k + s = 3*y. What is the hundreds digit of k?
1
Let u(p) = p**3 - 3*p**2 - 5*p + 7. Let t be u(5). Let s(h) = 2*h**2 - 8*h + 2. Let a be s(3). Let z = t + a. What is the units digit of z?
8
Suppose -3*o - 15 = -8*o. What is the tens digit of (26/3)/(o/117)?
3
Let c = 87 + 2. Suppose -3*r + 339 = -s + 82, -r + c = -2*s. What is the units digit of r?
5
Let l(a) = -a**3 + 15*a**2 + a - 13. Let g = 13 + 2. Let f be l(g). Suppose n - 3*u = 47, 0 = -0*n - f*n + 5*u + 93. What is the units digit of n?
4
Suppose -12*s = -13*s + 290. Suppose -2*b = -z - 274, 0 = -2*b + 6*z - z + s. What is the hundreds digit of b?
1
Suppose 0 = -3*r - 5*b + 4307, -3*r + 2683 = 2*b - 1630. What is the hundreds digit of r?
4
Let t be (-1 - (-4 + 3))/(-1). What is the units digit of (-16)/(-4 + t + 2)?
8
Let n = -12 + 6. Let j(u) = -u**3 - 6*u**2 + u + 8. Let i be j(n). Suppose -23 = -i*h - 3. What is the tens digit of h?
1
Let n(l) = 71*l - 707. What is the thousands digit of n(58)?
3
Let g be ((-1)/5*-1)/((-17)/(-85)). Let w(u) = 109*u + 5. What is the hundreds digit of w(g)?
1
Let j = -304 - -186. Let i = j - -169. What is the units digit of i?
1
What is the tens digit of -8 - -4 - 2 - -765?
5
Let y(x) = -2*x**2 - 4*x + 7. Let w be y(-3). What is the units digit of 53 + w/(4/(-8))?
1
Let f be 9/(-12) - (-21)/(-4). Let i be (2/(-6))/(2/f). Let d(u) = 67*u**2 + u - 1. What is the units digit of d(i)?
7
Suppose 2*d + 0*m = 5*m + 1670, -4*d + 3284 = 4*m. What is the units digit of d?
5
What is the tens digit of 7/(-2) + 6791/2 + 0?
9
Let i(q) = -3*q**2 + 4*q - 3. Let h be i(4). Let l = h - -58. Let r = -1 + l. What is the tens digit of r?
2
Let s(h) = h**2 + 2*h - 1. Let l be s(1). Suppose -2*n - 3*t = -3*n + 89, n - l*t = 91. Let z = -54 + n. What is the tens digit of z?
4
Suppose 0 = 15*a - 597 - 1263. What is the tens digit of a?
2
What is the tens digit of 87*13 + (1 - 